m + 158. Give r(5).
-2
Let d(j) = 2*j**2 + 144*j - 1106. Determine d(-79).
0
Let q(w) = 10*w - 234. What is q(44)?
206
Let d(y) = 5*y**2 + 8*y - 36. What is d(0)?
-36
Let y(w) = 1538*w - 41528. Give y(27).
-2
Let t(h) = -h**2 - 13*h - 6. What is t(-6)?
36
Let f(p) = -63*p - 2698. Give f(-43).
11
Let g(d) = d**2 - 29*d + 165. What is g(12)?
-39
Let n(p) = -2*p**2 + 37*p - 267. Calculate n(20).
-327
Let w(k) = 484*k + 460. Determine w(-1).
-24
Let y(s) = 2*s**3 - 4*s**2 + 20*s + 85. Determine y(-4).
-187
Let p(d) = -15039*d + 90233. What is p(6)?
-1
Let r(q) = q**2 - 83*q - 2067. Determine r(-20).
-7
Let d(m) = 273*m - 25680. Give d(94).
-18
Let j(x) = -44*x - 360. What is j(-8)?
-8
Let x(q) = 4*q**2 - 22*q - 115. What is x(-5)?
95
Let v(h) = h**2 + 117*h + 2100. What is v(-22)?
10
Let l(x) = -x**3 - 56*x**2 + 181*x + 238. Determine l(-59).
2
Let f(q) = -7*q**3 + q**2 + 4*q - 6. Calculate f(1).
-8
Let s(y) = -75*y**2 - 124*y + 248. What is s(2)?
-300
Let w(s) = -79*s - 1310. Calculate w(-17).
33
Let p(d) = -2*d**3 - 175*d**2 - 208*d - 26055. Give p(-88).
-7
Let a(i) = 11*i**2 - 23*i - 52. What is a(-2)?
38
Let v(z) = -749*z - 210. Calculate v(1).
-959
Let o(l) = l**3 - 153*l**2 - 1128*l + 1275. What is o(160)?
-5
Let l(k) = -6*k**2 - 45*k - 33. What is l(-14)?
-579
Let g(n) = 167*n + 1649. Calculate g(-16).
-1023
Let a(v) = 3*v**3 - 17*v**2 + 40*v + 1. What is a(3)?
49
Let b(a) = a**3 + 9*a**2 + 46*a + 143. Determine b(-8).
-161
Let i(b) = 2*b**2 + 13*b - 69. Calculate i(-13).
100
Let f(j) = -378*j + 9046. Determine f(24).
-26
Let w(q) = -29*q + 14. Calculate w(3).
-73
Let m(s) = -s**3 - 6*s**2 - 9*s + 39. What is m(-5)?
59
Let o(r) = r**2 + r - 372. Give o(-20).
8
Let j(b) = -b**2 + 3*b - 109. What is j(6)?
-127
Let n(c) = 6*c + 78. Determine n(0).
78
Let l(j) = -j**3 - 36*j**2 - 3*j - 9. Calculate l(-36).
99
Let h(q) = 2*q**3 - 75*q**2 + 293*q - 65. Determine h(4).
35
Let s(l) = -2*l**3 - 21*l**2 + 7*l - 43. Calculate s(-11).
1
Let q(s) = -4*s - 66. What is q(-11)?
-22
Let t(o) = -o**3 + 40*o**2 + 627*o - 185. Calculate t(52).
-29
Let n(p) = -73*p - 3569. Calculate n(-49).
8
Let b(d) = d**3 + 15*d**2 + 47*d - 24. What is b(-5)?
-9
Let x(u) = u**2 - 24*u + 50. What is x(9)?
-85
Let f(r) = 9*r**3 + 154*r**2 + 14*r - 58. Determine f(-17).
-7
Let o(p) = -26*p**2 + 159*p + 58. What is o(6)?
76
Let h(q) = q**3 - 48*q**2 + 206*q + 22. Determine h(5).
-23
Let t(r) = -4*r**3 - 33*r**2 - 60*r + 13. Determine t(-3).
4
Let t(d) = 2*d**2 - 88*d - 1490. What is t(57)?
-8
Let r(x) = -3600*x + 32395. What is r(9)?
-5
Let g(d) = -17*d**2 + d + 182. Give g(-3).
26
Let o(p) = -p**3 + 27*p**2 + 3*p - 758. Determine o(26).
-4
Let o(c) = -83*c - 2768. What is o(-33)?
-29
Let g(f) = -474*f + 2377. Determine g(5).
7
Let z(g) = 182*g - 1386. Give z(9).
252
Let p(t) = -t**3 - 120*t**2 - 240*t - 472. Give p(-118).
0
Let f(a) = 23*a + 8. What is f(0)?
8
Let d(r) = r**3 + 26*r**2 - 52*r + 117. Calculate d(-28).
5
Let f(b) = b**3 - 75*b**2 - 363*b + 21799. What is f(76)?
-13
Let p(i) = 38*i + 484. Calculate p(-13).
-10
Let d(u) = 37*u**2 - 6574*u + 4423. Give d(177).
-2
Let w(u) = -9*u**2 + 261*u - 1. What is w(29)?
-1
Let l(s) = -s**2 + 99*s + 2810. What is l(-23)?
4
Let x(y) = y**2 - 121*y + 3153. What is x(83)?
-1
Let t(s) = 85*s + 539. Determine t(-7).
-56
Let a(n) = -43*n - 180. Calculate a(-4).
-8
Let u(m) = 28*m + 228. What is u(-7)?
32
Let q(v) = -10*v + 1262. Calculate q(84).
422
Let c(u) = u**2 - 34*u - 83. What is c(41)?
204
Let k(l) = -56*l**2 + 68*l + 69. Give k(-1).
-55
Let j(k) = -132*k - 1185. Give j(-9).
3
Let k(a) = 10333*a - 82704. What is k(8)?
-40
Let g(r) = -3*r**2 - 144*r - 17. Calculate g(-48).
-17
Let b(a) = 91*a + 836. Give b(-12).
-256
Let u(v) = -76*v - 523. Determine u(-7).
9
Let u(q) = 12*q**2 - 26*q + 26. Determine u(1).
12
Let t(f) = -f**3 + 29*f**2 + 42*f + 623. Calculate t(31).
3
Let x(i) = i**3 + 3*i**2 + 41*i + 38. Determine x(-1).
-1
Let b(i) = -597*i + 12018. What is b(20)?
78
Let v(n) = -n**3 + 25*n**2 + 54*n + 4. Determine v(27).
4
Let o(b) = b**3 - 2*b**2 + 80*b. Determine o(0).
0
Let r(b) = 888*b - 850. Determine r(1).
38
Let u(a) = 3*a**3 - 61*a**2 - 38*a - 85. Calculate u(21).
-1
Let c(z) = -4*z**3 - 21*z**2 - 39*z + 8. Calculate c(-3).
44
Let h(i) = i**2 + 779*i - 53041. Give h(63).
5
Let c(l) = 8*l**3 - 59*l**2 + 10*l - 5. Calculate c(7).
-82
Let j(d) = -2*d**2 - 3*d + 28. Calculate j(-16).
-436
Let c(h) = -106*h**2 - 1379*h - 14. What is c(-13)?
-1
Let a(t) = -14*t**2 - 20*t + 21. Determine a(1).
-13
Let n(w) = -w**3 + 8*w**2 + 61*w - 427. What is n(6)?
11
Let d(y) = 245*y**3 + 4*y + 3. Calculate d(-1).
-246
Let z(c) = 514*c - 5129. What is z(10)?
11
Let n(u) = -76*u + 199. Give n(10).
-561
Let j(v) = 45*v - 555. Determine j(12).
-15
Let y(p) = -20*p + 8. Determine y(0).
8
Let a(q) = 2*q**3 + 9*q**2 + 36*q - 13. Give a(-5).
-218
Let p(k) = 17*k**2 + 59*k - 1101. Determine p(-10).
9
Let j(x) = -7*x**2 + 67*x - 233. Give j(6).
-83
Let d(v) = -4*v**2 - 116*v - 412. Calculate d(-25).
-12
Let v(t) = -2*t**2 - 142*t - 721. What is v(-5)?
-61
Let j(b) = -b**2 + 110*b - 509. Determine j(5).
16
Let y(x) = -179*x - 24. Determine y(-2).
334
Let g(n) = -n**2 - 9*n + 3168. What is g(-61)?
-4
Let a(r) = -r**2 - 8*r + 1. Give a(-9).
-8
Let c(q) = q**3 - 15*q**2 - 16*q + 515. Determine c(13).
-31
Let v(c) = -3*c**3 - 7*c**2 + 38*c - 107. Calculate v(4).
-259
Let x(m) = 2*m**3 - 3*m**2 - 41*m + 25. What is x(-5)?
-95
Let d(a) = 1093*a - 3280. What is d(3)?
-1
Let i(t) = -76*t + 3358. Give i(44).
14
Let f(b) = -37*b - 1601. Calculate f(-43).
-10
Let d(u) = -u**2 - 7*u - 12. Give d(-10).
-42
Let u(a) = -3*a**3 - 18*a**2 - 14*a - 2. Determine u(-1).
-3
Let q(r) = 2*r**2 + 107*r + 133. Give q(-52).
-23
Let w(o) = 2*o**3 + 4*o**2 - 78*o - 108. Determine w(6).
0
Let w(k) = 305*k + 4269. What is w(-14)?
-1
Let v(m) = m**3 - 46*m**2 - 50*m + 59. Determine v(47).
-82
Let r(x) = 6*x**2 + 47*x - 303. Give r(7).
320
Let h(p) = p**2 - 43*p + 448. Calculate h(19).
-8
Let m(v) = v**3 - 21*v**2 - 6*v + 831. Determine m(19).
-5
Let y(h) = h**3 - 35*h**2 + 127*h - 34. Determine y(31).
59
Let d(x) = -7*x + 31. Give d(22).
-123
Let b(d) = d**3 + 12*d**2 + 3*d - 21. Calculate b(0).
-21
Let b(p) = -2*p**2 - 4*p + 52. Determine b(-8).
-44
Let u(z) = 9*z**2 + 260*z + 261. What is u(-28)?
37
Let l(n) = 4*n**3 - 3*n**2 + 281*n - 279. Determine l(1).
3
Let a(i) = 23*i - 24. Give a(1).
-1
Let x(a) = 29*a - 542. Determine x(7).
-339
Let y(a) = -24*a - 141. Give y(-7).
27
Let q(l) = -4*l**2 - 57*l - 12. Determine q(-15).
-57
Let h(j) = 7*j**2 + 24*j - 62. Determine h(3).
73
Let x(r) = 3*r**3 + 37*r**2 - 138*r + 8. Give x(3).
8
Let v(w) = w**3 - 6*w**2 - 236*w + 366. What is v(18)?
6
Let c(z) = 5*z**2 + 270*z + 260. Calculate c(-53).
-5
Let w(p) = p**3 - 79*p**2 + 804*p + 5. Determine w(67).
5
Let a(w) = 3*w**3 + 15*w**2 - 29*w - 148. What is a(-5)?
-3
Let g(x) = 41*x - 2807. Give g(68).
-19
Let o(k) = -5*k**2 + 7*k + 12. Calculate o(9).
-330
Let t(q) = -18*q**3 - 2*q**2 - 1. Determine t(1).
-21
Let t(h) = -h**2 + 350*h - 8427. Calculate t(26).
-3
Let r(t) = -6*t + 259. Calculate r(27).
97
Let f(d) = 7*d**2 + 20*d + 2. Determine f(3).
125
Let b(q) = 84*q - 397. Calculate b(3).
-145
Let a(k) = -2*k**3 - 3*k**2 - 24*k + 11. Calculate a(-5).
306
Let h(i) = -24*i - 59. What is h(-6)?
85
Let s(k) = 84*k - 7149. What is s(86)?
75
Let t(l) = -53*l - 2139. What is t(-40)?
-19
Let u(f) = f**3 + 45*f**2 - 96*f + 20. Determine u(-47).
114
Let i(y) = y**3 + 23*y**2 + 13*y - 17. Calculate i(-23).
-316
Let y(a) = -a**2 + 2*a + 243. Determine y(0).
243
Let l(u) = -u**2 + 1718*u - 17072. Determine l(10).
8
Let c(y) = 3*y**3 + 19*y**2 + 50*y + 1. Determine c(-3).
-59
Let o(b) = -13*b**2 + 47*b + 55. What is o(5)?
-35
Let t(l) = -3*l - 13. Calculate t(27).
-94
Let x(u) = -13*u**2 - 6*u - 28. Calculate x(-4).
-212
Let i(l) = l**2 + 15*l - 612. Determine i(-36).
144
Let g(u) = -u**3 - 2*u**2 + 2*u - 4. Determine g(-2).
-8
Let g(h) = -4*h + 289. Calculate g(53).
77
Let p(w) = 30*w**2 + 237*w + 39. Calculate p(-8).
63
Let o(j) = -2*j**3 - 113*j**2 + 52*j - 337. Give o(-57).
-52
Let q(f) = 16*f**2 + 7*f - 15. Determine q(2).
63
Let w(r) = -27*r**2 + 2*r - 2. Determine w(1).
-27
Let a(t) = -t